{"id":176,"date":"2021-10-23T13:39:36","date_gmt":"2021-10-23T11:39:36","guid":{"rendered":"https:\/\/www.digitall-pro.com\/de\/?page_id=176"},"modified":"2024-09-30T10:15:13","modified_gmt":"2024-09-30T08:15:13","slug":"wartung","status":"publish","type":"page","link":"https:\/\/www.digitall-pro.com\/de\/wartung\/","title":{"rendered":"Wartung"},"content":{"rendered":"\n<p>Wir arbeiten st\u00e4ndig f\u00fcr Dich an der Verbesserung von Digitall-Pro. Damit wir Deinem Verein und Dir einen optimalen Funktionsumfang bieten k\u00f6nnen, m\u00fcssen wir jedoch auch regelm\u00e4\u00dfig die Software von Digitall-Pro aktualisieren. Kleinere \u00c4nderungen und Fehlerkorrekturen k\u00f6nnen wir normalerweise im laufenden Betrieb vornehmen. F\u00fcr Versionswechsel mit gr\u00f6\u00dferen \u00c4nderungen und neuen Funktionen nehmen wir uns jedoch eine kurze Auszeit, damit auch alles richtig klappt. <\/p>\n\n\n\n<p>Damit der Vereinsalltag nicht unter unseren Wartungsarbeiten leidet, f\u00fchren wir \u00c4nderungen wenn m\u00f6glich nachts oder am Wochenende durch. Zus\u00e4tzlich informieren wir Dich \u00fcber geplante \u00c4nderungen im Voraus. Eine \u00dcbersicht \u00fcber vergangene und geplante \u00c4nderungen findest du im Folgenden. Wenn Du eine RSS Anwendung nutzt, kannst Du <a href=\"https:\/\/www.digitall-pro.com\/de\/category\/wartung\/feed\/\">diese Seite<\/a> abonnieren um immer auf dem Laufenden zu bleiben.<\/p>\n\n\n\n<p><\/p>\n\n\n\n<ul class=\"display-posts-listing\"><li class=\"listing-item\"><a class=\"title\" href=\"https:\/\/www.digitall-pro.com\/de\/2026\/03\/08\/versionswechsel-am-08-03-2026-ab-2345-uhr\/\">Versionswechsel am 08.03.2026 ab 23:45 Uhr<\/a> <span class=\"excerpt-dash\">-<\/span> <span class=\"excerpt\">Am 08.03.2026, werden wir ab 23:45 Uhr eine neue Version der Digitall-Pro Dienste und Anwendungen installieren. W\u00e4hrend der Installation der neuen Version werden wir Digitall-Pro f\u00fcr einige Stunden au\u00dfer Betrieb setzen, um wichtige Anpassungen an der Datenbank vorzunehmen. Neue Funktionen und \u00c4nderungen<\/span><\/li><li class=\"listing-item\"><a class=\"title\" href=\"https:\/\/www.digitall-pro.com\/de\/2026\/02\/24\/unerwartet-wartungsarbeiten-im-datencenter-am-24-02-2026\/\">Unerwartete Wartungsarbeiten im Datencenter am 24.02.2026<\/a> <span class=\"excerpt-dash\">-<\/span> <span class=\"excerpt\">Am 24.02.2026 hat unser Datencenter ab 16:00 Uhr Wartungsarbeiten begonnen, welche die Erreichbarkeit von Digitall-Pro beeintr\u00e4chtigen. Wir hoffen, dass dieses Problem bis 19:00 Uhr gel\u00f6st ist, und bitten um ihr Verst\u00e4ndnis.<\/span><\/li><\/ul>\n","protected":false},"excerpt":{"rendered":"<p>Wir arbeiten st\u00e4ndig f\u00fcr Dich an der Verbesserung von Digitall-Pro. Damit wir Deinem Verein und Dir einen optimalen Funktionsumfang bieten k\u00f6nnen, m\u00fcssen wir jedoch auch regelm\u00e4\u00dfig die Software von Digitall-Pro aktualisieren. Kleinere \u00c4nderungen und Fehlerkorrekturen k\u00f6nnen wir normalerweise im laufenden Betrieb vornehmen. F\u00fcr Versionswechsel mit gr\u00f6\u00dferen \u00c4nderungen und neuen Funktionen nehmen wir uns jedoch eine [&hellip;]<\/p>\n","protected":false},"author":1,"featured_media":0,"parent":0,"menu_order":0,"comment_status":"closed","ping_status":"closed","template":"","meta":{"footnotes":""},"class_list":["post-176","page","type-page","status-publish","hentry"],"_links":{"self":[{"href":"https:\/\/www.digitall-pro.com\/de\/wp-json\/wp\/v2\/pages\/176","targetHints":{"allow":["GET"]}}],"collection":[{"href":"https:\/\/www.digitall-pro.com\/de\/wp-json\/wp\/v2\/pages"}],"about":[{"href":"https:\/\/www.digitall-pro.com\/de\/wp-json\/wp\/v2\/types\/page"}],"author":[{"embeddable":true,"href":"https:\/\/www.digitall-pro.com\/de\/wp-json\/wp\/v2\/users\/1"}],"replies":[{"embeddable":true,"href":"https:\/\/www.digitall-pro.com\/de\/wp-json\/wp\/v2\/comments?post=176"}],"version-history":[{"count":8,"href":"https:\/\/www.digitall-pro.com\/de\/wp-json\/wp\/v2\/pages\/176\/revisions"}],"predecessor-version":[{"id":312,"href":"https:\/\/www.digitall-pro.com\/de\/wp-json\/wp\/v2\/pages\/176\/revisions\/312"}],"wp:attachment":[{"href":"https:\/\/www.digitall-pro.com\/de\/wp-json\/wp\/v2\/media?parent=176"}],"curies":[{"name":"wp","href":"https:\/\/api.w.org\/{rel}","templated":true}]}}

<p>Wir arbeiten ständig für Dich an der Verbesserung von Digitall-Pro. Damit wir Deinem Verein und Dir einen optimalen Funktionsumfang bieten können, müssen wir jedoch auch regelmäßig die Software von Digitall-Pro aktualisieren. Kleinere Änderungen und Fehlerkorrekturen können wir normalerweise im laufenden Betrieb vornehmen. Für Versionswechsel mit größeren Änderungen und neuen Funktionen nehmen wir uns jedoch eine kurze Auszeit, damit auch alles richtig klappt. </p>



<p>Damit der Vereinsalltag nicht unter unseren Wartungsarbeiten leidet, führen wir Änderungen wenn möglich nachts oder am Wochenende durch. Zusätzlich informieren wir Dich über geplante Änderungen im Voraus. Eine Übersicht über vergangene und geplante Änderungen findest du im Folgenden. Wenn Du eine RSS Anwendung nutzt, kannst Du <a href="https://www.digitall-pro.com/de/category/wartung/feed/">diese Seite</a> abonnieren um immer auf dem Laufenden zu bleiben.</p>



<p></p>



<ul class="display-posts-listing"><li class="listing-item"><a class="title" href="https://www.digitall-pro.com/de/2026/03/08/versionswechsel-am-08-03-2026-ab-2345-uhr/">Versionswechsel am 08.03.2026 ab 23:45 Uhr</a> <span class="excerpt-dash">-</span> <span class="excerpt">Am 08.03.2026, werden wir ab 23:45 Uhr eine neue Version der Digitall-Pro Dienste und Anwendungen installieren. Während der Installation der neuen Version werden wir Digitall-Pro für einige Stunden außer Betrieb setzen, um wichtige Anpassungen an der Datenbank vorzunehmen. Neue Funktionen und Änderungen</span></li><li class="listing-item"><a class="title" href="https://www.digitall-pro.com/de/2026/02/24/unerwartet-wartungsarbeiten-im-datencenter-am-24-02-2026/">Unerwartete Wartungsarbeiten im Datencenter am 24.02.2026</a> <span class="excerpt-dash">-</span> <span class="excerpt">Am 24.02.2026 hat unser Datencenter ab 16:00 Uhr Wartungsarbeiten begonnen, welche die Erreichbarkeit von Digitall-Pro beeinträchtigen. Wir hoffen, dass dieses Problem bis 19:00 Uhr gelöst ist, und bitten um ihr Verständnis.</span></li></ul>

<p>Wir arbeiten ständig für Dich an der Verbesserung von Digitall-Pro. Damit wir Deinem Verein und Dir einen optimalen Funktionsumfang bieten können, müssen wir jedoch auch regelmäßig die Software von Digitall-Pro aktualisieren. Kleinere Änderungen und Fehlerkorrekturen können wir normalerweise im laufenden Betrieb vornehmen. Für Versionswechsel mit größeren Änderungen und neuen Funktionen nehmen wir uns jedoch eine [&hellip;]</p>
